{"id":119,"date":"2018-06-14T14:26:09","date_gmt":"2018-06-14T12:26:09","guid":{"rendered":"http:\/\/schroeter-motoren.de\/website\/?page_id=119"},"modified":"2018-09-09T22:03:11","modified_gmt":"2018-09-09T20:03:11","slug":"kurbelwellenschleiferei","status":"publish","type":"page","link":"https:\/\/schroeter-motoren.de\/website\/unsere-leistungen\/kurbelwellenschleiferei\/","title":{"rendered":"Kurbelwellenschleiferei"},"content":{"rendered":"<h2>Schleifen einer Kurbelwelle<\/h2>\n<p><center><br \/>\n<video controls width=\"550px\" height=\"400px\" poster=\"https:\/\/schroeter-motoren.de\/video\/kurbelwelle\/Kurbelwelle-schleifen.jpg\"><source src=\"https:\/\/schroeter-motoren.de\/video\/kurbelwelle\/kurbelwelle-schleifen.mp4\" type=\"video\/mp4\"><source src=\"https:\/\/schroeter-motoren.de\/video\/kurbelwelle\/Kurbelwelle-schleifen.webm\" type=\"video\/webm\"><\/video><br \/>\n<\/center><\/p>\n<p><!--img src=\"http:\/\/schroeter-motoren.de\/website\/wp-content\/uploads\/elementor\/thumbs\/Kurbelwelle-Schleiferei-Schr\u00f6ter-Motoren1-nubb59gyk6n9zhar2i5t6knvwpj46emx53m6r00i0o.jpg\" title=\"Kurbelwelle Schleiferei Schr\u00f6ter Motoren1\" alt=\"Kurbelwelle Schleiferei Schr\u00f6ter Motoren1\" \/--><br \/>\n\t\tDie Kurbelwelle ist das zentrale Bauteil zur Umwandlung der oszillierenden Bewegung der Kolben in eine rotierende Bewegung, welche zum Antrieb des Fahrzeug bzw. der angeschlossenen Maschine nutzbar ist. Sie ist w\u00e4hrend des Betriebs des Motors vielf\u00e4ltigen Belastungen ausgesetzt. Die Lagerung der Kurbelwelle im Motorengeh\u00e4use (Kurbelgeh\u00e4use bzw. h\u00e4ufig Zylinderkurbelgeh\u00e4use) sowie die Lagerung der Pleuelstangen an der Kurbelwelle sind bei den meisten Viertaktmotoren als Gleitlagerung ausgef\u00fchrt. Diese Art der Lagerung ist auf eine st\u00e4ndige ausreichende \u00d6lversorgung angewiesen.<br \/>\nTritt eine unzureichende \u00d6lversorgung dieser Lagerstellen im Betrieb auf, kommt es unweigerlich zum &#8222;Lagerschaden&#8220;. Dabei geht der &#8222;sch\u00fctzende \u00d6lfilm&#8220; zwischen Kurbelwellenzapfen und Lagerschalen verloren, wodurch der Kurbelwellenzapfen am Lagermaterial reibt. Die Lagerschalen werden dadurch zerst\u00f6rt und die Kurbelwellenzapfen an der Oberfl\u00e4che besch\u00e4digt. Eine solch besch\u00e4digte Kurbelwelle kann in dieser Form nicht wiederverwendet werden. Die Oberfl\u00e4che der Kurbelwellenzapfen m\u00fcssen zun\u00e4chst wieder &#8222;glatt&#8220; und auf ein exaktes Durchmesserma\u00df geschliffen werden. Danach kann die Kurbelwelle unter Verwendung von \u00dcberma\u00dflagerschalen wieder in den Motor eingebaut werden.<br \/>\nWir schleifen unsere Kurbelwellen selbst und k\u00f6nnen Ihnen dadurch eine kostensparende Instandsetzung dieses in der Regel sehr teuren Bauteils anbieten.<\/p>\n","protected":false},"excerpt":{"rendered":"<p>Schleifen einer Kurbelwelle Die Kurbelwelle ist das zentrale Bauteil zur Umwandlung der oszillierenden Bewegung der Kolben in eine rotierende Bewegung, welche zum Antrieb des Fahrzeug bzw. der angeschlossenen Maschine nutzbar ist. Sie ist w\u00e4hrend des Betriebs des Motors vielf\u00e4ltigen Belastungen ausgesetzt. Die Lagerung der Kurbelwelle im Motorengeh\u00e4use (Kurbelgeh\u00e4use bzw. h\u00e4ufig Zylinderkurbelgeh\u00e4use) sowie die Lagerung der [&hellip;]<\/p>\n","protected":false},"author":1,"featured_media":0,"parent":53,"menu_order":0,"comment_status":"closed","ping_status":"closed","template":"","meta":{"ngg_post_thumbnail":0},"_links":{"self":[{"href":"https:\/\/schroeter-motoren.de\/website\/wp-json\/wp\/v2\/pages\/119"}],"collection":[{"href":"https:\/\/schroeter-motoren.de\/website\/wp-json\/wp\/v2\/pages"}],"about":[{"href":"https:\/\/schroeter-motoren.de\/website\/wp-json\/wp\/v2\/types\/page"}],"author":[{"embeddable":true,"href":"https:\/\/schroeter-motoren.de\/website\/wp-json\/wp\/v2\/users\/1"}],"replies":[{"embeddable":true,"href":"https:\/\/schroeter-motoren.de\/website\/wp-json\/wp\/v2\/comments?post=119"}],"version-history":[{"count":20,"href":"https:\/\/schroeter-motoren.de\/website\/wp-json\/wp\/v2\/pages\/119\/revisions"}],"predecessor-version":[{"id":752,"href":"https:\/\/schroeter-motoren.de\/website\/wp-json\/wp\/v2\/pages\/119\/revisions\/752"}],"up":[{"embeddable":true,"href":"https:\/\/schroeter-motoren.de\/website\/wp-json\/wp\/v2\/pages\/53"}],"wp:attachment":[{"href":"https:\/\/schroeter-motoren.de\/website\/wp-json\/wp\/v2\/media?parent=119"}],"curies":[{"name":"wp","href":"https:\/\/api.w.org\/{rel}","templated":true}]}}