{"id":47,"date":"2018-06-13T21:17:42","date_gmt":"2018-06-13T19:17:42","guid":{"rendered":"http:\/\/schroeter-motoren.de\/website\/?page_id=47"},"modified":"2026-01-05T15:30:08","modified_gmt":"2026-01-05T14:30:08","slug":"home","status":"publish","type":"page","link":"https:\/\/schroeter-motoren.de\/website\/","title":{"rendered":"Home"},"content":{"rendered":"\t\t<div data-elementor-type=\"wp-post\" data-elementor-id=\"47\" class=\"elementor elementor-47\">\n\t\t\t\t\t\t<div class=\"elementor-inner\">\n\t\t\t\t<div class=\"elementor-section-wrap\">\n\t\t\t\t\t\t\t\t\t<section class=\"elementor-section elementor-top-section elementor-element elementor-element-3a54683 elementor-section-boxed elementor-section-height-default elementor-section-height-default\" data-id=\"3a54683\" data-element_type=\"section\">\n\t\t\t\t\t\t<div class=\"elementor-container elementor-column-gap-default\">\n\t\t\t\t\t\t\t<div class=\"elementor-row\">\n\t\t\t\t\t<div class=\"elementor-column elementor-col-50 elementor-top-column elementor-element elementor-element-df2dfff\" data-id=\"df2dfff\" data-element_type=\"column\">\n\t\t\t<div class=\"elementor-column-wrap elementor-element-populated\">\n\t\t\t\t\t\t\t<div class=\"elementor-widget-wrap\">\n\t\t\t\t\t\t<div class=\"elementor-element elementor-element-ca9a157 elementor-widget elementor-widget-heading\" data-id=\"ca9a157\" data-element_type=\"widget\" data-widget_type=\"heading.default\">\n\t\t\t\t<div class=\"elementor-widget-container\">\n\t\t\t<h2 class=\"elementor-heading-title elementor-size-default\"><br>Die Firma Schr\u00f6ter-Motoren<\/h2>\t\t<\/div>\n\t\t\t\t<\/div>\n\t\t\t\t\t\t<\/div>\n\t\t\t\t\t<\/div>\n\t\t<\/div>\n\t\t\t\t<div class=\"elementor-column elementor-col-50 elementor-top-column elementor-element elementor-element-cba4da6\" data-id=\"cba4da6\" data-element_type=\"column\">\n\t\t\t<div class=\"elementor-column-wrap elementor-element-populated\">\n\t\t\t\t\t\t\t<div class=\"elementor-widget-wrap\">\n\t\t\t\t\t\t<div class=\"elementor-element elementor-element-895ba9a elementor-hidden-phone elementor-widget elementor-widget-text-editor\" data-id=\"895ba9a\" data-element_type=\"widget\" data-widget_type=\"text-editor.default\">\n\t\t\t\t<div class=\"elementor-widget-container\">\n\t\t\t\t\t\t\t\t<div class=\"elementor-text-editor elementor-clearfix\">\n\t\t\t\t<h4>\u00a0<\/h4><h4 style=\"text-align: left; padding-left: 30px;\">Telefon: 03631 600225<br \/>E-mail:\u00a0 \u00a0info@schroeter-motoren.de<\/h4>\t\t\t\t\t<\/div>\n\t\t\t\t\t\t<\/div>\n\t\t\t\t<\/div>\n\t\t\t\t\t\t<\/div>\n\t\t\t\t\t<\/div>\n\t\t<\/div>\n\t\t\t\t\t\t\t\t<\/div>\n\t\t\t\t\t<\/div>\n\t\t<\/section>\n\t\t\t\t<section class=\"elementor-section elementor-top-section elementor-element elementor-element-864d2b4 elementor-section-boxed elementor-section-height-default elementor-section-height-default\" data-id=\"864d2b4\" data-element_type=\"section\">\n\t\t\t\t\t\t<div class=\"elementor-container elementor-column-gap-default\">\n\t\t\t\t\t\t\t<div class=\"elementor-row\">\n\t\t\t\t\t<div class=\"elementor-column elementor-col-100 elementor-top-column elementor-element elementor-element-4fd4664\" data-id=\"4fd4664\" data-element_type=\"column\">\n\t\t\t<div class=\"elementor-column-wrap elementor-element-populated\">\n\t\t\t\t\t\t\t<div class=\"elementor-widget-wrap\">\n\t\t\t\t\t\t<div class=\"elementor-element elementor-element-a0a582d elementor-widget elementor-widget-text-editor\" data-id=\"a0a582d\" data-element_type=\"widget\" data-widget_type=\"text-editor.default\">\n\t\t\t\t<div class=\"elementor-widget-container\">\n\t\t\t\t\t\t\t\t<div class=\"elementor-text-editor elementor-clearfix\">\n\t\t\t\t<p>ist Ihr Fachbetrieb f\u00fcr die Instandsetzung und Reparatur von Verbrennungsmotoren in Nordhausen seit 1991.<\/p>\n<p>Unser T\u00e4tigkeitsfeld umfasst:<\/p>\n<ul>\n<li>Instandsetzung von Otto-, Diesel- und Gasmotoren f\u00fcr PKW, schwere und leichte LKW, Baumaschinen, Landmaschinen, Industrieanwendungen und Zweir\u00e4der.<\/li>\n<li>\n<div>\n<div>Bearbeitung von Motorenteilen (Zylinderk\u00f6pfe, Zylinderkurbelgeh\u00e4use, Kurbelwellen, etc.)<\/div>\n<\/div>\n<\/li>\n<li>\n<div>\n<div>Motoren- und Fahrzeugteileverkauf<\/div>\n<\/div>\n<\/li>\n<li>Motoren, Zylinderk\u00f6pfe und Turbolader im Austausch und als Neuteil<\/li>\n<li>Instandsetzung von Dieseleinspritzanlagen, Lichtmaschinen und Anlassern<\/li>\n<li>Motoraus- und Einbau, Fahrzeugreparaturen<\/li>\n<\/ul>\n<p><strong>Wir bieten Ihnen individuelle L\u00f6sungen f\u00fcr nahezu jedes Problem ihres Verbrennungsmotors.<\/strong><\/p>\t\t\t\t\t<\/div>\n\t\t\t\t\t\t<\/div>\n\t\t\t\t<\/div>\n\t\t\t\t\t\t<\/div>\n\t\t\t\t\t<\/div>\n\t\t<\/div>\n\t\t\t\t\t\t\t\t<\/div>\n\t\t\t\t\t<\/div>\n\t\t<\/section>\n\t\t\t\t<section class=\"elementor-section elementor-top-section elementor-element elementor-element-47a2664 elementor-section-boxed elementor-section-height-default elementor-section-height-default\" data-id=\"47a2664\" data-element_type=\"section\">\n\t\t\t\t\t\t<div class=\"elementor-container elementor-column-gap-default\">\n\t\t\t\t\t\t\t<div class=\"elementor-row\">\n\t\t\t\t\t<div class=\"elementor-column elementor-col-100 elementor-top-column elementor-element elementor-element-6825b47\" data-id=\"6825b47\" data-element_type=\"column\">\n\t\t\t<div class=\"elementor-column-wrap elementor-element-populated\">\n\t\t\t\t\t\t\t<div class=\"elementor-widget-wrap\">\n\t\t\t\t\t\t<div class=\"elementor-element elementor-element-fe404fe elementor-widget elementor-widget-google_maps\" data-id=\"fe404fe\" data-element_type=\"widget\" data-widget_type=\"google_maps.default\">\n\t\t\t\t<div class=\"elementor-widget-container\">\n\t\t\t\t\t<div class=\"elementor-custom-embed\">\n\t\t\t<iframe loading=\"lazy\"\n\t\t\t\t\tsrc=\"https:\/\/maps.google.com\/maps?q=An%20der%20Helme%202a%2C%20Nordhausen&#038;t=m&#038;z=14&#038;output=embed&#038;iwloc=near\"\n\t\t\t\t\ttitle=\"An der Helme 2a, Nordhausen\"\n\t\t\t\t\taria-label=\"An der Helme 2a, Nordhausen\"\n\t\t\t><\/iframe>\n\t\t<\/div>\n\t\t\t\t<\/div>\n\t\t\t\t<\/div>\n\t\t\t\t\t\t<\/div>\n\t\t\t\t\t<\/div>\n\t\t<\/div>\n\t\t\t\t\t\t\t\t<\/div>\n\t\t\t\t\t<\/div>\n\t\t<\/section>\n\t\t\t\t\t\t\t\t\t<\/div>\n\t\t\t<\/div>\n\t\t\t\t\t<\/div>\n\t\t","protected":false},"excerpt":{"rendered":"<p>Die Firma Schr\u00f6ter-Motoren \u00a0 Telefon: 03631 600225E-mail:\u00a0 \u00a0info@schroeter-motoren.de ist Ihr Fachbetrieb f\u00fcr die Instandsetzung und Reparatur von Verbrennungsmotoren in Nordhausen seit 1991. Unser T\u00e4tigkeitsfeld umfasst: Instandsetzung von Otto-, Diesel- und Gasmotoren f\u00fcr PKW, schwere und leichte LKW, Baumaschinen, Landmaschinen, Industrieanwendungen und Zweir\u00e4der. Bearbeitung von Motorenteilen (Zylinderk\u00f6pfe, Zylinderkurbelgeh\u00e4use, Kurbelwellen, etc.) Motoren- und Fahrzeugteileverkauf Motoren, Zylinderk\u00f6pfe und [&hellip;]<\/p>\n","protected":false},"author":1,"featured_media":0,"parent":0,"menu_order":0,"comment_status":"closed","ping_status":"closed","template":"","meta":{"ngg_post_thumbnail":0},"_links":{"self":[{"href":"https:\/\/schroeter-motoren.de\/website\/wp-json\/wp\/v2\/pages\/47"}],"collection":[{"href":"https:\/\/schroeter-motoren.de\/website\/wp-json\/wp\/v2\/pages"}],"about":[{"href":"https:\/\/schroeter-motoren.de\/website\/wp-json\/wp\/v2\/types\/page"}],"author":[{"embeddable":true,"href":"https:\/\/schroeter-motoren.de\/website\/wp-json\/wp\/v2\/users\/1"}],"replies":[{"embeddable":true,"href":"https:\/\/schroeter-motoren.de\/website\/wp-json\/wp\/v2\/comments?post=47"}],"version-history":[{"count":463,"href":"https:\/\/schroeter-motoren.de\/website\/wp-json\/wp\/v2\/pages\/47\/revisions"}],"predecessor-version":[{"id":1470,"href":"https:\/\/schroeter-motoren.de\/website\/wp-json\/wp\/v2\/pages\/47\/revisions\/1470"}],"wp:attachment":[{"href":"https:\/\/schroeter-motoren.de\/website\/wp-json\/wp\/v2\/media?parent=47"}],"curies":[{"name":"wp","href":"https:\/\/api.w.org\/{rel}","templated":true}]}}